 8217742191 prime?
False
Is 222268497953 a composite number?
True
Is 29102027291 a prime number?
False
Is 14436464513 a prime number?
True
Is 45224327 a prime number?
True
Is 9486661321 a prime number?
False
Is 916894981 prime?
True
Is 4440251603 a prime number?
True
Is 903708601 composite?
True
Is 44401530379 prime?
False
Is 457970989 prime?
False
Is 39079082513 prime?
False
Is 273560471 prime?
True
Is 4756386379 a composite number?
False
Is 898455289 composite?
False
Is 7827841283 composite?
True
Is 3777230389 composite?
False
Is 196943617631 a prime number?
True
Is 33117523543 composite?
True
Is 57599327 composite?
False
Is 1695838237 a prime number?
False
Is 93183116539 a composite number?
False
Is 15153857371 a prime number?
True
Is 142974157 a prime number?
False
Is 7367367323 a prime number?
True
Is 512900837 prime?
True
Is 12176329109 prime?
False
Is 144862903 a composite number?
False
Is 4890881911 prime?
False
Is 101303597 a prime number?
True
Is 29703670363 prime?
False
Is 2701483621 a composite number?
False
Is 6810546577 a prime number?
False
Is 1156844957 prime?
True
Is 306844807 a composite number?
False
Is 270206014037 a prime number?
True
Is 1667155471 a composite number?
True
Is 31506252419 composite?
True
Is 1588684079 a composite number?
False
Is 137164201 a composite number?
True
Is 5538153701 a composite number?
False
Is 330327499 a composite number?
False
Is 5136893659 composite?
False
Is 49892783783 a composite number?
True
Is 42321098399 composite?
True
Is 13308191899 a composite number?
False
Is 2470115 a composite number?
True
Is 597783497 a composite number?
False
Is 2157152533 a prime number?
True
Is 196566619 a prime number?
True
Is 40516560517 a composite number?
True
Is 97091739161 a prime number?
True
Is 4188116813 a prime number?
False
Is 72130207043 composite?
False
Is 101744737 prime?
True
Is 688675303 a prime number?
True
Is 3800230459 a prime number?
True
Is 75318650927 prime?
False
Is 880761187 a composite number?
False
Is 245679739133 a composite number?
False
Is 12668258839 a prime number?
False
Is 1309638919 a prime number?
True
Is 222163933 a prime number?
True
Is 26085788371 composite?
True
Is 13889947217 prime?
False
Is 2539338337 a prime number?
True
Is 368510521 a composite number?
True
Is 1070999767 a prime number?
True
Is 1256622187 a prime number?
True
Is 6173202173 composite?
False
Is 2401499873 a composite number?
False
Is 6431160971 a prime number?
True
Is 34088575951 composite?
True
Is 186058567 composite?
True
Is 39894238609 composite?
False
Is 60150587473 a composite number?
False
Is 3228803819 composite?
False
Is 27281783 a composite number?
True
Is 394900991 a prime number?
False
Is 1361586053 composite?
False
Is 320837783 a composite number?
True
Is 14514862211 composite?
True
Is 22494162907 prime?
False
Is 33034916657 a composite number?
False
Is 5214562349 a composite number?
False
Is 3302340373 composite?
True
Is 1779100387 prime?
True
Is 3634912793 a composite number?
True
Is 893572343 composite?
True
Is 17988218363 composite?
True
Is 1028718779 composite?
True
Is 11168284805 a prime number?
False
Is 10115686937 a prime number?
True
Is 1430715551 a composite number?
True
Is 6118255703 composite?
True
Is 32058282211 prime?
False
Is 917217049 a prime number?
False
Is 134688521003 composite?
False
Is 6217347509 composite?
False
Is 2444130041 prime?
True
Is 477892487 a prime number?
True
Is 23191778483 composite?
True
Is 262215971 a prime number?
False
Is 79839915427 a composite number?
True
Is 7284661159 a composite number?
False
Is 5387692741 a prime number?
True
Is 4479104543 prime?
True
Is 768942653 a prime number?
False
Is 587865557 prime?
False
Is 40370049383 a prime number?
False
Is 23241460471 a prime number?
False
Is 24705217633 composite?
True
Is 5264942027 prime?
True
Is 18512724961 a composite number?
True
Is 2267219803 a composite number?
False
Is 2397090551 a prime number?
False
Is 15214307657 a composite number?
True
Is 39629785733 a prime number?
False
Is 4581627737 prime?
True
Is 398686103 prime?
True
Is 392286881 composite?
True
Is 215431871521 prime?
False
Is 32754445431 prime?
False
Is 2472588059 prime?
True
Is 197105809 composite?
False
Is 1469768789 a composite number?
False
Is 10608056941 a prime number?
False
Is 938804887 prime?
False
Is 9321908529 composite?
True
Is 39188347 prime?
False
Is 18827120307 a composite number?
True
Is 9007621229 prime?
True
Is 2354291 prime?
False
Is 13201783867 a composite number?
True
Is 235852913 a prime number?
False
Is 3682097093 a prime number?
True
Is 2345432126 composite?
True
Is 352694299 composite?
True
Is 11625531523 a prime number?
True
Is 6159942757 a composite number?
True
Is 10358294279 a composite number?
True
Is 683569 composite?
True
Is 37015459601 a prime number?
True
Is 31283124097 prime?
False
Is 23618050583 a prime number?
True
Is 9108522923 prime?
True
Is 982215497 composite?
False
Is 5355609991 prime?
False
Is 1522324799 a composite number?
False
Is 414796387 a composite number?
False
Is 177500394947 prime?
True
Is 927278249 composite?
False
Is 13579442143 prime?
False
Is 1740635951 a prime number?
True
Is 2035777157 a prime number?
False
Is 73914479909 a prime number?
True
Is 1586909867 a prime number?
True
Is 16746565189 a composite number?
False
Is 53494303 composite?
True
Is 642358765 composite?
True
Is 11202261131 a composite number?
False
Is 10196413113 composite?
True
Is 28095967867 a composite number?
True
Is 18560981 composite?
False
Is 8396965571 composite?
False
Is 12177176747 a composite number?
True
Is 508710911 a prime number?
True
Is 29312024993 prime?
True
Is 5999522141 prime?
False
Is 119055899 prime?
False
Is 254253927653 prime?
False
Is 21885817 composite?
True
Is 19106666273 composite?
False
Is 612869767 a prime number?
True
Is 9204099691 a prime number?
True
Is 14595782183 a composite number?
False
Is 13427693761 composite?
True
Is 818835263 prime?
True
Is 1803352231 a prime number?
False
Is 14305889791 a prime number?
True
Is 490728611 a composite number?
False
Is 5378435939 a composite number?
True
Is 238156307 a composite number?
False
Is 46639216111 a prime number?
False
Is 1035461699 composite?
False
Is 78990241063 a composite number?
True
Is 7827575311 composite?
True
Is 2299939769 prime?
True
Is 20417172899 prime?
False
Is 2496485221 composite?
True
Is 11681311 prime?
True
Is 758458733 prime?
False
Is 12491681231 a prime number?
False
Is 1612885195 a prime number?
False
Is 804314233 prime?
True
Is 4479707863 a prime number?
False
Is 301272701 a prime number?
True
Is 2844631909 a composite number?
True
Is 48351299621 composite?
False
Is 971160929 composite?
False
Is 596706673 a composite number?
False
Is 25108623079 composite?
False
Is 15706589989 a composite number?
True
Is 15502172417 composite?
False
Is 278142247 a composite number?
True
Is 148834429 composite?
True
Is 556245983 prime?
True
Is 15331957286 a prime number?
False
Is 4823433877 composite?
True
Is 37725225451 composite?
True
Is 5050863031 a prime number?
True
Is 11695029287 a composite number?
True
Is 196188084093 composite?
True
Is 7236006658 a prime number?
False
Is 1005360394 a prime number?
False
Is 381768199 a prime number?
True
Is 3126188621 prime?
True
Is 5229891701 a composite number?
True
Is 150118207 prime?
False
Is 7826319029 a prime number?
True
Is 255284173 a composite number?
False
Is 162833887 prime?
True
Is 67556748487 prime?
True
Is 28300422977 prime?
True
Is 5670325029 a prime number?
False
Is 2345008453 a composite number?
True
Is 232513021 a prime number?
False
Is 8124859867 a composite number?
False
Is 1543622467 prime?
True
Is 122730886651 prime?
True
Is 12398270899 composite?
True
Is 42456437005 composite?
True
Is 9040829657 prime?
True
Is 495991211 prime?
True
Is 2929387421 prime?
False
Is 168314741629 a composite number?
True
Is 2081007217 a prime number?
True
Is 16624376831 composite?
False
Is 4092687073 a composite number?
True
Is 114711781537 prime?
False
Is 88954819 a composite number?
True
Is 166758149681 composite?
True
Is 83648275019 a prime number?
True
Is 3215687 composite?
False
Is 28728477478 composite?
True
Is 34209658937 a composite number?
False
Is 12957863 a prime number?
F